and 236188.
2
Calculate the greatest common divisor of 810745 and 130.
65
What is the greatest common factor of 1023672 and 68?
68
Calculate the greatest common factor of 1007550 and 270.
90
What is the greatest common divisor of 378 and 59994?
54
What is the greatest common divisor of 228 and 8347916?
76
Calculate the highest common factor of 50347 and 2783.
253
Calculate the highest common factor of 35 and 37865.
5
What is the highest common factor of 1080 and 20?
20
What is the highest common divisor of 382572 and 54?
18
Calculate the greatest common factor of 1840 and 40112.
368
What is the greatest common divisor of 67175 and 50?
25
Calculate the highest common divisor of 380 and 3705.
95
What is the greatest common divisor of 143481 and 13?
13
What is the greatest common factor of 12 and 228324?
12
What is the highest common factor of 1431180 and 40?
20
Calculate the highest common divisor of 671 and 502091.
61
Calculate the highest common divisor of 1860 and 436.
4
Calculate the highest common divisor of 31961 and 248.
31
Calculate the greatest common factor of 13302 and 699833.
739
Calculate the highest common divisor of 350 and 2050825.
175
Calculate the greatest common divisor of 66 and 3883.
11
Calculate the greatest common factor of 2250 and 60675.
75
Calculate the greatest common divisor of 657 and 10001.
73
Calculate the greatest common divisor of 11 and 240152.
11
Calculate the highest common factor of 30742 and 950.
38
What is the highest common divisor of 198726 and 1?
1
What is the greatest common divisor of 1792 and 1169?
7
What is the highest common factor of 8034 and 150?
6
What is the greatest common factor of 108 and 79218?
54
Calculate the greatest common factor of 68040 and 840.
840
What is the highest common factor of 198656 and 582?
194
Calculate the highest common factor of 3091 and 2248.
281
Calculate the greatest common divisor of 407048 and 511.
73
Calculate the highest common factor of 124 and 4268855.
31
Calculate the greatest common factor of 776601 and 378.
189
Calculate the highest common divisor of 21473 and 3743.
197
What is the greatest common factor of 427860 and 180?
180
What is the greatest common divisor of 1387 and 161038?
73
Calculate the greatest common factor of 4433260 and 236.
236
Calculate the highest common divisor of 45 and 428841.
9
Calculate the highest common factor of 149402 and 1606.
22
What is the highest common factor of 16692 and 20?
4
What is the greatest common divisor of 127718 and 38?
38
Calculate the highest common factor of 41551 and 4492.
1123
What is the greatest common divisor of 187131 and 6097?
469
What is the highest common divisor of 1200 and 462900?
300
What is the highest common factor of 231 and 3507?
21
What is the greatest common divisor of 135 and 416205?
135
Calculate the greatest common factor of 531 and 253641.
177
Calculate the highest common divisor of 436099 and 917.
131
Calculate the greatest common divisor of 531456 and 114.
6
What is the highest common factor of 46295 and 197?
197
What is the greatest common factor of 449540 and 420?
140
What is the greatest common factor of 10 and 1952290?
10
Calculate the greatest common factor of 20745 and 645.
15
What is the highest common factor of 8357 and 1037?
61
What is the greatest common factor of 78741 and 3978?
117
What is the greatest common divisor of 3285 and 30?
15
What is the greatest common divisor of 807 and 157903?
269
Calculate the highest common factor of 92 and 552.
92
Calculate the greatest common factor of 162 and 1650.
6
Calculate the greatest common divisor of 193 and 298957.
193
Calculate the greatest common factor of 255310 and 422.
422
What is the greatest common divisor of 5613080 and 88?
88
Calculate the greatest common factor of 20410 and 5460.
130
What is the highest common factor of 535260 and 858?
66
Calculate the highest common factor of 49920 and 19695.
195
Calculate the highest common factor of 165 and 149556.
33
Calculate the highest common factor of 11 and 1710203.
11
Calculate the highest common factor of 20072 and 533.
13
Calculate the highest common factor of 254002 and 14.
14
What is the highest common divisor of 27783 and 1971?
27
Calculate the highest common divisor of 726209 and 5885.
1177
Calculate the highest common factor of 1001530 and 20.
10
Calculate the highest common divisor of 361670 and 1180.
590
What is the greatest common factor of 3527284 and 2?
2
Calculate the highest common factor of 269964 and 72.
36
What is the highest common factor of 273 and 494?
13
What is the highest common divisor of 105 and 33768?
21
What is the highest common divisor of 137103 and 69?
69
Calculate the greatest common factor of 8326 and 92.
46
What is the greatest common divisor of 112 and 143024?
112
Calculate the highest common factor of 474 and 5082702.
474
What is the greatest common divisor of 6447 and 49?
7
Calculate the highest common divisor of 69089 and 2301.
59
Calculate the highest common divisor of 56475 and 225.
225
Calculate the greatest common factor of 2783073 and 249.
249
What is the greatest common divisor of 23 and 250769?
23
Calculate the greatest common factor of 5104 and 528.
176
Calculate the highest common factor of 18101 and 46.
23
What is the greatest common factor of 30121 and 1365?
91
What is the greatest common factor of 1247 and 16588?
29
What is the greatest common divisor of 219 and 990537?
219
Calculate the greatest common divisor of 800 and 445.
5
What is the greatest common factor of 34831 and 61?
61
What is the greatest common factor of 891 and 198?
99
What is the highest common factor of 30 and 254010?
30
What is the greatest common divisor of 552 and 9258?
6
What is the highest common divisor of 4197 and 381?
3
Calculate the greatest common factor of 144 and 1616.
16
What is the highest common divisor of 25346 and 522?
58
What is the greatest common factor of 52530 and 510?
510
Calculate the highest common divisor of 982 and 498.
2
What is the highest common factor of 1440 and 17100?
180
What is the greatest common factor of 4096284 and 12?
12
Calculate the greatest common divisor of 14090 and 10.
10
Calculate the highest common factor of 600115 and 665.
95
Calculate the highest common factor of 52 and 118724.
4
What is the greatest common divisor of 1274 and 210847?
637
Calculate the greatest common factor of 3593527 and 82.
41
Calculate the highest common divisor of 185003 and 76076.
1729
Calculate the greatest common factor of 3200 and 2250.
50
What is the highest common divisor of 13432 and 39790?
46
Calculate the greatest common divisor of 2820766 and 689.
689
What is the greatest common divisor of 570930 and 30?
30
What is the highest common divisor of 548821 and 4564?
1141
What is the highest common divisor of 106024 and 232?
232
Calculate the greatest common divisor of 140 and 219835.
35
Calculate the greatest common factor of 467016 and 3.
3
What is the highest common divisor of 33744 and 42256?
304
What is the highest common factor of 13 and 182065?
13
Calculate the highest common factor of 1132870 and 20.
10
Calculate the greatest common divisor of 574415 and 40.
5
What is the highest common factor of 6632 and 4072?
8
What is the highest common factor of 300274 and 52?
26
Calculate the highest common divisor of 20046 and 546.
78
What is the greatest common divisor of 14718 and 5478?
66
What is the highest common factor of 15 and 113805?
15
What is the greatest common factor of 173 and 394613?
173
What is the highest common factor of 10854 and 6633?
603
Calculate the greatest common factor of 4232 and 4761.
529
What is the highest common divisor of 1228068 and 664?
332
What is the greatest common factor of 80535 and 104?
13
Calculate the highest common divisor of 774 and 132741.
387
Calculate the greatest common divisor of 62935 and 205.
205
Calculate the highest common factor of 152 and 266627.
19
What is the greatest common factor of 14326 and 104139?
551
Calculate the highest common divisor of 23740 and 60.
20
Calculate the highest common divisor of 2 and 6337.
1
Calculate the greatest common divisor of 10448064 and 18.
18
Calculate the greatest common factor of 698 and 116566.
698
What is the greatest common divisor of 26 and 4838